3 = a. Suppose -2*c = -4*u + 256, 3*u + 0*c - z = -2*c. What are the prime factors of u?
3, 7
Let w(i) = 7*i**3 + 3*i**2 + 4*i + 1. Let m be w(-1). List the prime factors of 504 - 8*(-3)/(m - -1).
2, 5
Let i = -978 + 1585. What are the prime factors of i?
607
Suppose 4*l - 61852 = -5*y - 9839, -5*y = l - 12977. List the prime factors of l.
2, 3253
Suppose 0 = -3*g + 9*m + 9708, -9*m = -g - 5*m + 3233. List the prime factors of g.
5, 11, 59
List the prime factors of ((-63)/12 - -11)*32.
2, 23
Let m = 62529 + -12956. List the prime factors of m.
89, 557
Let g(i) = i**3 + 5*i**2 - 20*i + 16. List the prime factors of g(15).
2, 17, 31
Let h(a) = -a**3 + 17*a**2 - 43*a + 9. Let n = -456 + 469. What are the prime factors of h(n)?
2, 3, 7
Suppose -386311 = -38*h - 3*h + 82360. What are the prime factors of h?
7, 23, 71
Suppose 4*n = 3*c - 0 + 4, -5*c + n - 1 = 0. Suppose 14 = 7*j - 21. Suppose -2*k + 55 = j*g - 7*k, c = g - 4*k - 8. List the prime factors of g.
2, 3
List the prime factors of 18715 + 2/(-14)*-7 + -10.
2, 47, 199
Let b(q) = 5*q**2 - 55*q + 157. List the prime factors of b(11).
157
Let i be (1 - -1) + (2 - 0). Suppose 3*z = i*x - 15, x + 10 = 4*x - z. What are the prime factors of x + 2/(-1 - 1)?
2
Suppose 190588 - 53602 = 6*i. List the prime factors of i.
17, 79
Let g(n) = -803*n - 14044. What are the prime factors of g(-125)?
3, 7, 4111
Let s = 689 + -492. Suppose -s - 711 = -t. Suppose -5*m - 178 = -5*x - t, m = -3*x + 142. List the prime factors of m.
5, 29
Let b = -882 - -4517. Suppose 586 = 7*h - b. List the prime factors of h.
3, 67
Suppose 2*p - 13449 = -2*i + 1831, 5*p - 3*i = 38208. List the prime factors of p.
3, 283
List the prime factors of 20/((-160)/364)*-382.
7, 13, 191
Let i(g) be the second derivative of g**4/3 + 5*g**3/6 - 19*g**2/2 - 2*g. Let m be (-6)/(-36) - 235/(-60)*2. List the prime factors of i(m).
277
Let r = 56956 - -15335. List the prime factors of r.
3, 24097
Let o = 18 + -43. Let n = -19 - o. Suppose 0 = l - n*l + 460. List the prime factors of l.
2, 23
Let u(c) = 2*c**2 + 6*c - 10. Let f = -22 + 21. Let h be (9 - -1)*f/14*-7. What are the prime factors of u(h)?
2, 5, 7
Let d be 8 + 1/(6/(-18)). Suppose 5*g = 4*b - 1623 + 71, 5*b = -d*g + 1940. List the prime factors of b.
2, 97
Suppose -2*h + 487 = g, 3*g + 29 = h - 204. Suppose -6*o = -2*o + 488. Let z = h + o. List the prime factors of z.
2, 3, 5
Let c(i) = i**2 - 8*i + 1. Let x be c(8). Let u(m) = 184*m**3 + m**2 - 3*m + 4. List the prime factors of u(x).
2, 3, 31
Suppose 10481 = u + 5*l, -10358 - 42087 = -5*u - 5*l. What are the prime factors of u?
3, 13, 269
Suppose -2*z - 3*z = -5*p - 10, -4*z + 3*p = -11. Suppose -3*w + t = -5*w + 1, -4*t = 4. Suppose 0 = x - w - z. List the prime factors of x.
2, 3
Suppose -422 = 3*b - 56. Let w be 462/(-15)*70/7. Let o = b - w. List the prime factors of o.
2, 3, 31
Let l be (3/(-2) + 1)*24/(-1). Suppose l*z - 1207 = -5*z. List the prime factors of z.
71
Suppose -3*l + 9000 = 3*r, -4*l - 4560 = 5*r - 16565. What are the prime factors of l?
5, 599
Let z(d) = 1752*d**2 - 73*d + 129. What are the prime factors of z(2)?
6991
Suppose -4*b + 12 = -5*a, -22 = 3*b - 2*a + 6*a. List the prime factors of 11629/58 + 1/b.
2, 5
Let x = -915 - -1139. What are the prime factors of x?
2, 7
Let d(s) = -99*s**3 + s**2 + 69*s + 74. What are the prime factors of d(-6)?
2, 5, 17, 31
Let u be 2/((-16)/7360*(0 + 2)). Let d = -243 - u. What are the prime factors of d?
7, 31
Suppose -4*n - 2*f = -15558, 69*f - 5 = 70*f. List the prime factors of n.
2, 7, 139
Suppose -5 = v, 8*v = 5*q + 11*v + 30. List the prime factors of 12/q - (-439 + -2).
19, 23
Suppose -23 = -4*o + 5. Suppose -o - 5 = h. What are the prime factors of (-129)/(-2) + 6/h + 1?
5, 13
Let j(i) = i**3 - i**2 - i - 10. Suppose 5*b = 2*f, 0 = -2*f + 4*f - 2*b. Let c be j(f). Let n(x) = -5*x + 19. What are the prime factors of n(c)?
3, 23
Let h be 295 - 2 - 9/(-3). Suppose -14 = -5*x + h. List the prime factors of x.
2, 31
Suppose 0 = -122*i + 126*i - 8. Suppose i*z + 12 = 6*z. Suppose -4*p + z*k + 281 = 0, -283 = -3*p - 5*k - 65. What are the prime factors of p?
71
Let r be (20 - 24)*18/(-8). List the prime factors of (-2)/(r/36 - 27/100).
2, 5
Let k = 25945 - 4776. What are the prime factors of k?
21169
Let t be -7*(-6)/(-189)*-9. Let i(g) = 2*g + 0*g**3 + 9*g**3 - 3 + 0*g**3. What are the prime factors of i(t)?
73
Suppose -n - 23020 = -4*a + 18180, 4*n = a - 10315. List the prime factors of a.
3, 3433
Suppose 0 = -36*a + 3106272 - 950808. What are the prime factors of a?
2, 3, 17, 587
Let u(f) be the first derivative of f**4/4 + 6*f**3 - 13*f**2 - 50*f + 49. List the prime factors of u(-18).
2, 11, 19
Let m be (0 + -2)/((-1)/2). Suppose 2*i - m*c - 270 = -8*c, -2*c = 3*i - 397. What are the prime factors of i?
131
Let f(s) = 8*s - 16. Let h be f(25). Suppose -h = -n + 254. List the prime factors of n.
2, 3, 73
Suppose 0 = -3*r - 4*q + 12565 + 5712, -r + 4*q = -6103. List the prime factors of r.
5, 23, 53
Let m be 30/225 - 47312/15. Let u = m + 4435. List the prime factors of u/9 - 8/(-12).
11, 13
Let n(w) = 5*w**2 - 6*w - 17. Let p be n(-6). Suppose -p*s + 197*s + 1448 = 0. What are the prime factors of s?
2, 181
Let x(o) = o**2 - 10*o - 3. Let q be x(-12). Let k = q + -56. List the prime factors of k.
5, 41
Let d = 114 + -111. Suppose 1 + 11 = 3*c + d*u, 0 = 2*c - 5*u - 1. Suppose 376 = c*z + 5*t, 3*z + 3*t + 672 = 8*z. List the prime factors of z.
2, 3, 11
Let s = 14540 - 3082. Suppose -6*p + s = 11*p. List the prime factors of p.
2, 337
Let y be (5700/(-120))/((-1)/(-2)). Let k = 222 + y. List the prime factors of k.
127
Let q(i) = -118*i - 43. Let p(g) = -121*g - 44. Let u(v) = 6*p(v) - 5*q(v). List the prime factors of u(-6).
13, 59
Let n(w) = -13*w - 26. Let r(t) = -52*t - 104. Let x(g) = 9*n(g) - 2*r(g). Suppose 4*s - 5*s - 16 = 3*q, -3*q = -5*s + 28. List the prime factors of x(q).
2, 13
Let c(q) = 124*q - 568. List the prime factors of c(27).
2, 5, 139
Suppose 158*t = 273*t - 4719370. List the prime factors of t.
2, 17, 71
Let j(i) = -3*i**2 + 2 - 4*i + 4*i**2 + 0. Let u be 2205/270 - (-1)/(-6). List the prime factors of j(u).
2, 17
Suppose 0 = -i + 118*a - 116*a + 35889, -a + 6 = 0. List the prime factors of i.
3, 3989
Let o(l) = l**2 - 5*l - 36. Let a be o(9). Suppose a = f - 85 - 13. List the prime factors of f.
2, 7
Suppose y - 2151 - 6391 = 0. What are the prime factors of y?
2, 4271
Suppose -s + 2*m + 7278 = 0, 0 = s + 40*m - 38*m - 7278. What are the prime factors of s?
2, 3, 1213
Let p = 202 + -107. Let c be 2/15 - 3318/(-90). Let i = p - c. List the prime factors of i.
2, 29
What are the prime factors of -17 - -31 - (0 + -4013)?
4027
Let l be (-22)/77 - 15432/(-14). List the prime factors of (30 + l)/(1/(-3)*-4).
3, 283
Let z(p) = 1252*p + 798. What are the prime factors of z(6)?
2, 3, 5, 277
Suppose 334*v - 331*v = -2*p + 23592, -5*v = 0. List the prime factors of p.
2, 3, 983
Let q(a) = -340*a - 12 - 11 + 2 + 13 - 7. What are the prime factors of q(-2)?
5, 7, 19
Let l be 26/12 - (70/(-12) + 6). Suppose 0 = -l*t + 5*t - 15. Suppose t*i + 73 = 1103. List the prime factors of i.
2, 103
Suppose -4*r + 24 = 0, 2*n + 1415*r = 1413*r + 28694. What are the prime factors of n?
14341
Let o(i) be the third derivative of i**6/120 - 7*i**5/30 + i**4/4 + 5*i**3/3 + i**2. What are the prime factors of o(15)?
5, 13
Let p = 179335 - 91191. What are the prime factors of p?
2, 7, 787
Let j(r) = -2*r**2 - 9*r - 9. Let z be j(-6). Let y = 29 + z. Suppose -f + 294 = y*f. What are the prime factors of f?
2, 7
Suppose -4*g = 2*u - 70, 34 = 2*g - u - 3. What are the prime factors of 13522/g - 4/18?
751
Suppose 0 = -13*v + 23*v - 60. Suppose -994 = -4*t + c, 2*c = 11*t - v*t - 1244. List the prime factors of t.
2, 31
Suppose 4*o = 5*o - 3. Suppose 4*t + 0*t - 13 = -o*q, -4*t + 19 = -3*q. What are the prime factors of -7 + t + (19 - (2 + 0))?
2, 7
Let w be 15*(258/(-18) + 3). List the prime factors of (-1030)/4*(-17)/w*-12.
3, 103
Let i = 98 + -94. List the prime factors of 4 + (i - -855) - -1.
2, 3
Let d(n) = 7*n**2 - 5 - 28*n**3 + 2*n + 2*n - 3*n**3. Let h be d(-4). List the prime factors of h/35 + 2/(-7).
59
List the prime factors of 152/114 - (199432/6)/(-4).
8311
Let d = 